e second derivative of r(v). Give b(2).
-3
Let o(m) = 13*m**3 - 14*m**2 - 14*m - 8. Let u(g) = -11*g**3 + 13*g**2 + 13*g + 6. Let q(s) = -6*o(s) - 7*u(s). What is q(-6)?
12
Let m(y) = -2*y - 5. Suppose -87*u + 82*u - 3*o = -51, -4*o = -5*u + 37. What is m(u)?
-23
Let b(p) = 8*p - 16. Let g(i) = 3*i - 5. Let a(j) = 6*b(j) - 17*g(j). Let c(v) = -v - 4. Let y(l) = -4*a(l) + 11*c(l). What is y(2)?
2
Let o(j) be the first derivative of j**5/60 + j**4/8 + j**3/3 + 5*j**2 + 3. Let m(f) be the second derivative of o(f). Calculate m(-3).
2
Let o = 54 - 53. Let x(a) = -18*a + 1. Calculate x(o).
-17
Let f = -45 + 54. Suppose 3*q = f + 9. Let a(k) = -k**3 + 7*k**2 - 6*k + 2. Give a(q).
2
Suppose 4*o + 51 = 27. Let w(g) = -g**3 - 5*g**2 + 8*g - 5. Determine w(o).
-17
Let l(r) be the first derivative of -r**4/4 + 4*r**3/3 + r**2 + 3*r - 30. Let q be 21/4 + (-10)/40. What is l(q)?
-12
Let y be (-2)/7 + (-69)/(-21). Let p(b) = -84*b + 3 + 214*b - 127*b. Calculate p(y).
12
Let l(z) be the first derivative of 7 - 7/2*z**2 + 3*z - 4/3*z**3 + 1/4*z**4. Give l(5).
-7
Let t(n) = -4*n**2 - 9*n + 8. Let m(i) = -2*i**2 - 4*i + 3. Let h(x) = -5*m(x) + 2*t(x). What is h(4)?
41
Let a(f) = f**2 - f. Let o(i) = -5*i**2 - 4. Suppose 3*n + 3*z - 6*z - 9 = 0, n - 4*z = 15. Let v(s) = n*o(s) - 4*a(s). Give v(-3).
1
Let q(b) be the first derivative of -b**4/4 - b**3/3 + 2*b**2 + 2*b + 2. Let x be (-4)/(-14) - 984/(-84). Suppose f + x = -3*f. Determine q(f).
8
Let j = 57 - 47. Suppose 9*h = j - 82. Let s(k) = k**2 + 8*k + 3. Determine s(h).
3
Suppose 4*b - 2*l - 22 = 0, 3*b + l = -2*l + 21. Suppose -2*v = -b*v + 40. Let z(i) = -i**2 + 9*i + 12. Calculate z(v).
2
Let o = 5 + -3. Let i(r) be the first derivative of r**2/2 - 4*r + 33. Give i(o).
-2
Let j(g) = g**2 + 8*g + 10. Let i(t) = t**2 - 9*t - 1. Let d be i(9). Let p be (-2)/((-3)/(-6) + d). Suppose -4*o + m = 28, -p*m = m. Determine j(o).
3
Suppose 3*b + 4 = 4*b. Let f be b/14 + (-320)/(-56). Let d be f/(-4)*(-8)/(-12). Let g(k) = k. What is g(d)?
-1
Suppose -2*p = -k + 2*p - 13, -5*p + 53 = 4*k. Let d(h) = h**3 - 8*h**2 + 8*h + 10. Give d(k).
17
Let i(a) = a**3 - 7*a**2 + 7*a + 12. Let n be i(5). Let t(o) = o**2 - 3*o - 8. Determine t(n).
10
Let s(r) = -r + 9. Let q be (-45)/(-10)*4/2. Suppose -g - 21 = q. Let t be (-5)/g - 1/6. Determine s(t).
9
Let s(z) = -10*z - 15 + 2*z**3 + 5*z**3 - z**3 - 5*z**3 - 10*z**2. Determine s(11).
-4
Let v(q) = 3*q + 2. Let c be ((-4)/(-24)*-26 + 4)*0. Let r be v(c). Let k(f) = -2*f**3 - 2. Calculate k(r).
-18
Let v(m) = -m**3 + 7*m**2 - 8*m - 7. Let w be -8 + 4 + (-3 - -12 - 0). Give v(w).
3
Let l(o) = -o**2 - 8*o + 10. Let v(q) = -2*q**2 - 8*q + 8. Let x(t) = -3*l(t) + 2*v(t). What is x(6)?
-2
Let r = 0 - 1. Let b = 1658 + -924. Let n(t) = -b + t + 734. What is n(r)?
-1
Suppose 36 = -4*y - 5*a, 28 = -3*y - 5*a + a. Let q(w) be the third derivative of -w**4/12 - w**3/2 + w**2. Calculate q(y).
5
Let c(t) be the second derivative of 0 + 4*t + 1/10*t**5 - 1/4*t**4 + 1/6*t**3 - t**2. Determine c(2).
4
Let g(w) = -w - 7. Let x(r) = -r + 24. Let n be x(20). Suppose -5 = n*f + 11. Give g(f).
-3
Let k(d) = 16*d + 103. Let i be k(-6). Let w(q) = q**2 - 6*q - 9. Calculate w(i).
-2
Let s be (2*-1)/(((-12)/10)/3). Let c(x) = x - 135*x**2 - 7*x + 131*x**2 - 2 + x**3. Determine c(s).
-7
Let n(i) = -i - 1. Let h(f) = -6*f - 1. Let x(v) = -h(v) + 5*n(v). Determine x(6).
2
Let i(z) = z**3 + 13*z**2 + 9*z - 10. Suppose 41*c = -65 - 427. Give i(c).
26
Let m(r) = 2*r**3 - r - 2. Let b(u) = 7*u**3 - 4*u**2 - 5*u - 10. Let o(s) = -b(s) + 4*m(s). Calculate o(-3).
8
Let c = -95 + 91. Let j(n) = -5*n + 4. What is j(c)?
24
Let j(v) = -v - 12. Suppose 4*y = 4*u + 32, -5*y + 12 = -2*u - 4. Give j(u).
-4
Let n(b) = -b**2 - 2*b - 4. Let s(x) = 2*x**2 - 7*x - 14. Let t(r) = -3*n(r) - s(r). Calculate t(-12).
14
Let a(d) be the third derivative of -d**6/120 - 19*d**5/60 - 3*d**4/4 - d**3/3 + 271*d**2. Calculate a(-18).
-2
Let l(h) = 5 + 2 - 8 + 2*h. Let t be 17/((-34)/(-12)) - 3. Calculate l(t).
5
Suppose 6*w = 3*w + 39. Let o(d) = 2*d - w*d - 5 + 10*d. Suppose 0 = -0*m + m + 7. Give o(m).
2
Let f(m) = 4*m**2 + 9*m - 12. Let j(p) = -3*p**2 - 9*p + 13. Let x(y) = -4*f(y) - 5*j(y). Determine x(9).
-17
Let g = -4 + 12. Let o be g/(-52) - 56/(-26). Let k(a) = 1 + a + o - 4*a - 5. Determine k(2).
-8
Let s be (-3)/(-6)*4 + (-1 - 6). Let y(h) = h**2 + 5*h - 3. What is y(s)?
-3
Let y(p) = -88 - 6*p**2 + 4*p + 82 - 16*p + 5*p**2. Calculate y(-9).
21
Suppose 0 = -6*d + 30. Suppose 0 = 2*p + d*o - 4, 0 = -p + o + 4*o + 2. Let w(t) = -4*t + 1. Determine w(p).
-7
Let d be 66/(-18)*3*-1*1. Let z(x) = 16*x - d*x - 3 + 2 - 7*x. Determine z(-6).
11
Let m be 3/12 + 118/8. Suppose -4*j + m = j. Let w(x) be the first derivative of x**4/4 - x**3 + 3*x**2/2 - 2*x - 17. Give w(j).
7
Let n(h) = -11 + 30*h - 54*h + 27*h + h**2. Determine n(-5).
-1
Suppose -4*l - 5*f - 34 = -11, -1 = -l + f. Let h(g) = -3*g**2 + 11*g - 36. Let y(m) = -5*m**2 + 17*m - 58. Let b(a) = 8*h(a) - 5*y(a). What is b(l)?
0
Let y(l) = -l**2 - l + 7. Suppose -26*a - 75 = -11*a. Determine y(a).
-13
Let b be (-8)/3*9/(-6). Let n(k) be the third derivative of k**4/8 - k**3/2 + 12*k**2 - 4*k. Give n(b).
9
Let g(v) = -v. Let h(c) = c - 4. Let o(i) = 2*g(i) + h(i). Suppose 3*l + 6 = 6*l. Suppose l*n = 4*x - 12, -2 - 4 = n + 2*x. Calculate o(n).
2
Let v(y) = -5*y**2 + y - 1. Let w be 0/(-2 - (-3 - -2)). Let c = w - -1. Suppose -3*q = 5*n + 5 - c, 0 = -4*n + 4*q + 16. What is v(n)?
-5
Suppose 0 = 5*x - c - 26, 3*x + c + 0*c - 14 = 0. Let s(f) = 2*f - 7. Determine s(x).
3
Let g(m) = -m**3 + 5*m**2 - 7*m - 7. Let t(s) = -2*s**2 + s. Let y(z) = g(z) - 2*t(z). Calculate y(7).
28
Let s(r) be the third derivative of -r**4/4 + 4*r**3/3 + 929*r**2. Give s(-10).
68
Let y(g) = -g**3 + 14*g**2 - 12*g - 13. Let c be y(13). Let t(r) = r**2 - 3. Determine t(c).
-3
Let w(i) = -2*i**2 - 19*i + 20. Let k be w(1). Let l(b) = -6*b**3 - b**2 - b - 1. Give l(k).
5
Let w(l) = 2*l**3 + 2*l**2 - 1. Let z = -1 - -4. Suppose 0*a - 3 = -z*a. Suppose -3*p - a = -4*p. Calculate w(p).
3
Let m(z) = -z**3 + z**2. Suppose h - 5*h = -16. Suppose 0 = -h*q - 2 - 2. Calculate m(q).
2
Let o(m) = -4*m**2 - 5*m - 28. Let i(v) = -v**2 - 2*v - 9. Suppose -18*j + 13*j - 10 = 0. Let r(p) = j*o(p) + 7*i(p). Let n = 11 - 6. Calculate r(n).
-2
Let y(i) = 6*i + 15. Let n(t) = 8*t + 16. Let l(k) = -4*n(k) + 5*y(k). Calculate l(-6).
23
Suppose 0 = -3*s - g + 3*g - 9, 5*s + 37 = -4*g. Let v(a) = -5*a + 20. Let j(c) = -3*c + 11. Let u(b) = -7*j(b) + 4*v(b). Give u(s).
-2
Suppose -1 = -3*p - 2*u, -4*p - 2 = -5*p + u. Let m(q) be the third derivative of q**5/60 - q**4/24 + q**3/6 - q**2. Determine m(p).
1
Let v(h) = h**2 - 6*h + 4. Let z be (0 - (-4)/2) + (0 - -5). What is v(z)?
11
Let m be 16/3*9/4. Suppose 3*p - 2*x = m, 0 = 3*p - 5*x - 20 - 1. Let j(b) = -p*b + b - 5*b - b + 2 - b**2. Give j(-6).
8
Let g(c) = -4*c**2 - 10*c. Let b(i) = 3*i**2 + 9*i. Let q(s) = -3*b(s) - 2*g(s). Suppose 0 = -5*o, 136*m - 2*o = 141*m + 30. Give q(m).
6
Let d(b) = -b**2 - b + 4. Let j(r) = 23*r**2 - r + 2. Let h be j(1). Let s = h + -21. Determine d(s).
-8
Let c(r) = r**2 - 11*r + 8. Let t(f) = f**3 - 16*f**2 - 36*f + 8. Let k be t(18). Determine c(k).
-16
Let v be 76/28 - 4/(-14). Suppose h + 4 = -4*o, -h - 5 + 1 = v*o. Let d(c) = c**2 + 3 + 3*c**3 - 4*c**3 - c**2. Determine d(o).
3
Let s(i) = i**3 - 4*i**2 + i + 1. Suppose 0 = -8*y - 69 + 85. What is s(y)?
-5
Let a(l) = 4*l + 2 - 6*l - 3*l**2 + 2 + 2*l**2. Let n(j) = -2*j**2 - 4*j + 8. Let i(g) = -7*a(g) + 4*n(g). Give i(-3).
1
Let g = -8 + 37. Let v = -23 + g. Let j(u) = -u**2 + 7*u - 3. Calculate j(v).
3
Let f(a) = -2*a**2 + a. Let v = -773 - -771. Calculate f(v).
-10
Let s(n) = -n**3 + 6*n**2 - n. Let z be (-805)/(-20) + (-5)/20. Suppose 10*i = 5*i - 3*q + z, -i + q = 0. Calculate s(i).
20
Let c(a) be the second derivative of -a**3/6 - 15*a**2/2 - 1762*a. Let j(p) = -3*p**2 + 2*p - 3. Let g be j(2). Give c(g).
-4
Let q(t) = 6*t + 6. Let k(v) = -2*v + 2. Let f(g) = -4*k(g) - q(g). Determine f(7).
0
Let a be (-713)/(-5) - 2/(-5). Suppose 4*o - 73 - a = 0. Let y be 3/5 + o/(-15). Let z(u) = u**2 + 5*u - 1. Determine z(y).
-7
Let g be (-6)/8 - (3 - 87/4). Let n(i) = g*i - 19*i + 2 - 20. Give n(0).
